ulate the greatest common factor of 39 and 257946.
39
Calculate the greatest common factor of 288405 and 174.
87
What is the greatest common factor of 1020 and 11364?
12
Calculate the highest common divisor of 2037 and 3449999.
679
Calculate the highest common divisor of 167705 and 40.
5
Calculate the highest common factor of 1955 and 1080.
5
What is the greatest common divisor of 52345 and 152?
19
What is the greatest common divisor of 13350 and 5630?
10
Calculate the highest common divisor of 98 and 56497.
49
Calculate the highest common divisor of 1724472 and 216.
72
What is the greatest common divisor of 3195 and 13230?
45
Calculate the highest common factor of 12 and 1064001.
3
What is the highest common divisor of 3540 and 24485?
295
Calculate the greatest common divisor of 3522 and 30.
6
Calculate the greatest common divisor of 199927 and 234.
13
Calculate the highest common factor of 11 and 2056.
1
Calculate the greatest common factor of 517 and 19035.
47
Calculate the highest common divisor of 212 and 1044.
4
What is the highest common divisor of 50 and 89710?
10
What is the greatest common divisor of 872 and 1688?
8
Calculate the highest common divisor of 12349339 and 197.
197
Calculate the greatest common factor of 224 and 2317.
7
What is the highest common factor of 21 and 53249?
7
Calculate the highest common divisor of 203 and 14329.
7
What is the highest common divisor of 649 and 60929?
11
Calculate the highest common divisor of 411 and 2213646.
411
What is the greatest common divisor of 1100 and 37675?
275
What is the greatest common factor of 2860354 and 14?
14
What is the highest common divisor of 385 and 38535?
35
What is the greatest common divisor of 620 and 36115?
155
What is the greatest common factor of 399 and 1095192?
21
What is the greatest common divisor of 78 and 1515046?
26
What is the highest common divisor of 4450340 and 1740?
580
Calculate the greatest common factor of 1153 and 33.
1
Calculate the highest common divisor of 42 and 3788043.
21
Calculate the highest common divisor of 400 and 230160.
80
Calculate the greatest common factor of 6289910 and 1055.
1055
Calculate the highest common factor of 2128 and 633878.
266
What is the highest common divisor of 1000 and 8125?
125
What is the highest common factor of 731048 and 8?
8
What is the highest common divisor of 924 and 5908?
28
Calculate the greatest common divisor of 126052 and 8.
4
What is the highest common factor of 30452 and 276?
92
Calculate the highest common divisor of 179346 and 1278.
426
Calculate the highest common divisor of 2727526 and 266.
38
What is the highest common factor of 3753 and 93547?
139
Calculate the highest common divisor of 2080 and 40352.
416
What is the greatest common divisor of 852 and 1988?
284
What is the greatest common divisor of 736 and 26912?
32
Calculate the highest common factor of 295 and 348395.
295
What is the greatest common divisor of 10881 and 63?
9
What is the greatest common factor of 1363 and 362558?
1363
Calculate the highest common divisor of 285 and 22395.
15
Calculate the highest common divisor of 188466 and 16794.
1866
What is the greatest common factor of 220856 and 15808?
152
Calculate the highest common divisor of 1487994 and 66.
6
Calculate the greatest common factor of 1862 and 308.
14
Calculate the greatest common factor of 120 and 5850.
30
What is the highest common divisor of 131840 and 32512?
256
Calculate the highest common factor of 1327680 and 4608.
576
What is the highest common factor of 52 and 932?
4
What is the highest common factor of 395 and 1258865?
395
What is the greatest common divisor of 1458616 and 328?
328
Calculate the highest common factor of 170 and 41.
1
Calculate the highest common divisor of 398464 and 33.
11
Calculate the highest common divisor of 12730 and 729965.
335
What is the greatest common divisor of 379561 and 43?
43
Calculate the highest common divisor of 1070 and 22265.
5
Calculate the highest common divisor of 1321956 and 18.
18
Calculate the highest common divisor of 348704 and 9248.
544
Calculate the greatest common factor of 195119 and 369.
41
Calculate the greatest common factor of 59038 and 56.
14
What is the highest common divisor of 169780 and 520?
260
What is the highest common divisor of 205822 and 2?
2
Calculate the greatest common factor of 3496 and 3040.
152
What is the highest common factor of 202335 and 28?
7
Calculate the greatest common factor of 233829 and 90.
9
What is the highest common factor of 152 and 57684?
76
Calculate the greatest common divisor of 135477 and 144.
9
Calculate the greatest common factor of 18245 and 147295.
445
Calculate the greatest common factor of 15 and 415330.
5
Calculate the highest common factor of 332 and 2388076.
332
What is the greatest common factor of 6055 and 8855?
35
What is the highest common divisor of 18830 and 560?
70
What is the highest common divisor of 170171 and 7633?
449
Calculate the highest common divisor of 5090 and 790.
10
Calculate the greatest common divisor of 205312 and 46516.
1604
Calculate the greatest common divisor of 7797 and 144075.
339
Calculate the greatest common factor of 148612 and 3505.
701
What is the highest common divisor of 416344 and 15904?
568
Calculate the highest common divisor of 113 and 7636088.
113
What is the highest common factor of 8388 and 576?
36
What is the greatest common factor of 730485 and 675?
135
Calculate the greatest common divisor of 2238 and 91012.
746
What is the greatest common divisor of 189109 and 1450?
29
What is the greatest common divisor of 66 and 1398?
6
What is the greatest common factor of 3192912 and 1216?
304
Calculate the highest common divisor of 1924 and 105154.
74
What is the highest common factor of 68 and 53159?
17
What is the highest common divisor of 25217 and 835?
167
What is the highest common factor of 34802 and 2?
2
Calculate the highest common factor of 433016 and 479.
479
What is the highest common factor of 114 and 23123?
19
What is the greatest common divisor of 936488 and 392?
392
What is the highest common divisor of 152 and 1786?
38
What is the greatest common divisor of 327 and 1010103?
327
Calculate the greatest common divisor of 31996 and 2947.
421
Calculate the greatest common factor of 182 and 1582154.
14
What is the greatest common factor of 49 and 317?
1
What is the greatest common divisor of 20531 and 441?
49
What is the greatest common factor of 79048 and 5904?
328
Calculate the greatest common divisor of 1045 and 26087.
19
What is the highest common factor of 101880 and 150?
30
What is the greatest common divisor of 332 and 33698?
166
Calculate the greatest common factor of 1936 and 5072.
16
Calculate the highest common factor of 1338 and 5929347.
669
Calculate the highest common factor of 38920 and 59640.
280
Calculate the greatest common divisor of 755871 and 34.
17
What is the greatest common factor of 223199 and 2623?
61
Calculate the greatest common factor of 1238800 and 17480.
760
What is the greatest common divisor of 82917 and 555?
111
What is the highest common divisor of 20328 and 14952?
168
Calculate the greatest common divisor of 2781 and 12144627.
2781
What is the greatest common divisor of 2070 and 7337?
23
Calculate the greatest common divisor of 360 and 49880.
40
What is the highest common divisor of 60 and 1625880?
60
Calculate the greatest common factor of 8464 and 112.
16
Calculate the highest common divisor of 128 and 158.
2
What is the highest common divisor of 750 and 69450?
150
Calculate the highest common factor of 246 and 106458.
6
Calculate the highest common factor of 60 and 23610.
30
Calculate the greatest common factor of 372 and 972501.
93
Calculate the highest common divisor of 78965 and 170.
85
Calculate the greatest common factor of 191624 and 1088.
136
Calculate the greatest common factor of 4 and 112.
4
What is the greatest common factor of 4 and 77764?
4
What is the highest common divisor of 20 and 18490?
10
Calculate the highest common divisor of 93498 and 12.
6
Calculate the greatest common factor of 31563 and 216.
27
What is the greatest common factor of 1752 and 89304?
24
What is the greatest common divisor of 4795 and 58835?
35
Calculate the highest common factor of 